 = -6*a**2 - 77*a + 107. Calculate i(-14).
9
Let v(y) = -11*y**2 + 75*y + 221. Give v(9).
5
Let y(m) = 4328*m - 51934. Give y(12).
2
Let q(m) = -11*m**2 - 153*m - 16. Calculate q(-14).
-30
Let t(g) = g**2 + 1179*g - 26421. What is t(22)?
1
Let z(c) = 55*c - 71. Calculate z(4).
149
Let n(x) = 8*x**3 - 7*x**2 - 3*x - 5. Calculate n(-2).
-91
Let g(k) = -16*k**2 - 9*k + 1. What is g(-1)?
-6
Let x(s) = -507*s + 2537. What is x(5)?
2
Let r(c) = 44*c + 1471. What is r(-33)?
19
Let k(i) = -202*i + 1211. Determine k(6).
-1
Let c(t) = -t**2 + 19*t + 4. Calculate c(5).
74
Let k(d) = -6*d + 42. Calculate k(52).
-270
Let n(h) = -h**3 - 35*h**2 + 235*h + 7154. Give n(-36).
-10
Let k(t) = -2*t**2 - 30*t + 1. Give k(-16).
-31
Let d(o) = 671*o + 6025. Determine d(-9).
-14
Let d(c) = c**3 + 6*c**2 - 15*c + 9. Determine d(-9).
-99
Let s(y) = -272*y**2 - 3*y + 2. What is s(1)?
-273
Let w(a) = 5*a**3 + 28*a**2 + 10*a - 17. Calculate w(-5).
8
Let q(m) = -m**3 - 34*m**2 - 91*m - 861. Determine q(-32).
3
Let j(t) = 13*t - 45. Determine j(2).
-19
Let d(m) = 2961*m - 5990. Determine d(2).
-68
Let w(p) = 26*p + 158. Give w(-6).
2
Let l(i) = -14*i - 133. What is l(15)?
-343
Let x(g) = 4*g**2 - 63*g - 147. Give x(-2).
-5
Let n(l) = 72*l - 5202. What is n(72)?
-18
Let t(h) = -2*h**3 - 13*h**2 + 23*h + 124. What is t(-7)?
12
Let b(m) = -31*m + 165. Give b(12).
-207
Let o(t) = -445*t - 887. Calculate o(-2).
3
Let d(j) = -25*j - 49. What is d(-17)?
376
Let u(a) = a**3 + 54*a**2 + 55*a + 126. What is u(-53)?
20
Let i(r) = -354*r + 19786. Give i(56).
-38
Let i(u) = -2*u**3 - 16*u**2 + 8*u + 51. Calculate i(-8).
-13
Let l(m) = 11*m**2 + 406*m + 1909. What is l(-5)?
154
Let t(w) = -2*w**3 - 96*w**2 - 96*w + 38. What is t(-47)?
132
Let q(z) = -29*z**2 - 110*z + 317. Give q(3).
-274
Let b(q) = q**2 + 24*q - 130. Determine b(-23).
-153
Let z(m) = 3*m**3 - 28*m**2 - 15*m + 16. Calculate z(10).
66
Let f(q) = -5*q**2 - 26*q + 8. What is f(-6)?
-16
Let s(n) = -3*n**3 - 26*n**2 + 9*n + 14. Calculate s(-9).
14
Let i(w) = -12*w - 68. What is i(-8)?
28
Let c(s) = -220*s + 6596. Give c(30).
-4
Let r(f) = f**3 - 24*f**2 - 1103*f - 2347. Give r(48).
5
Let w(z) = -24*z - 186. Give w(-3).
-114
Let p(l) = -22*l**2 + 1299*l - 62. What is p(59)?
-3
Let z(g) = -g**2 - 13*g + 421. Give z(-28).
1
Let b(g) = 20*g + 248. Calculate b(-11).
28
Let h(d) = -298*d - 1512. What is h(-5)?
-22
Let f(n) = -39*n - 140. Determine f(3).
-257
Let x(r) = 2488*r + 14920. Determine x(-6).
-8
Let a(r) = -154*r - 18496. What is a(-120)?
-16
Let n(u) = -2868*u + 37276. Calculate n(13).
-8
Let q(o) = o**2 + 23*o + 90. Give q(-12).
-42
Let n(h) = -51*h - 122. Determine n(0).
-122
Let f(x) = x**2 - 183*x + 6315. Calculate f(137).
13
Let n(z) = -z**3 - z**2 - 4*z - 27. Give n(-3).
3
Let r(s) = -s**3 - s**2 - 3*s + 2. What is r(-6)?
200
Let d(b) = b**3 + 176*b**2 - 2253*b - 21. Calculate d(12).
15
Let p(n) = n**3 - 20*n**2 + 85*n - 14. What is p(16)?
322
Let f(l) = -5*l**3 - 56*l**2 - 11*l + 21. Calculate f(-11).
21
Let z(b) = -206*b - 339. Give z(-2).
73
Let b(l) = -3*l**3 - 30*l**2 - 10*l - 10. What is b(-10)?
90
Let y(n) = n**3 + 20*n**2 + 20*n - 67. Calculate y(-20).
-467
Let h(o) = -5*o**3 + 129*o**2 + 20*o + 107. What is h(26)?
-49
Let l(w) = -w**3 + 6*w**2 - 124*w + 928. Determine l(7).
11
Let p(s) = -3*s**3 + 82*s**2 + 39*s + 414. Give p(28).
-62
Let x(t) = 76*t - 27. What is x(1)?
49
Let h(u) = -2*u**2 - 100*u + 1087. Give h(11).
-255
Let z(o) = -73*o - 92. Determine z(-3).
127
Let o(i) = -16*i**2 + 770*i + 4241. Give o(-5).
-9
Let d(z) = 4*z - 158. Determine d(52).
50
Let j(v) = -29*v - 2153. Give j(-74).
-7
Let b(y) = y**3 - 44*y**2 - 133*y + 1403. Give b(46).
-483
Let i(x) = -159*x**2 - 1117*x + 23. What is i(-7)?
51
Let g(d) = 32*d + 2016. Give g(-64).
-32
Let a(k) = k**3 - 243*k**2 + 957*k - 242. What is a(239)?
-3
Let k(o) = -62*o - 2713. What is k(-43)?
-47
Let l(a) = a**3 - 8*a**2 + 73*a - 460. Calculate l(7).
2
Let b(w) = -3*w**2 + 8*w + 19. Calculate b(-2).
-9
Let h(r) = -3*r**3 + 10*r**2 + 2*r - 20. Determine h(5).
-135
Let w(m) = -7*m - 36. Determine w(-9).
27
Let o(b) = 18*b**3 - 19*b**2 - 22*b - 3. Calculate o(-1).
-18
Let x(y) = -y**2 + 544*y + 5537. What is x(-10)?
-3
Let y(v) = -v**2 - 99*v - 1109. Determine y(-86).
9
Let x(t) = -3*t**2 - 45*t + 143. Determine x(-18).
-19
Let g(x) = -x**3 - 9*x**2 + 15*x - 10. Calculate g(-8).
-194
Let x(u) = -u**3 - 3*u**2 + 58*u - 114. Give x(3).
6
Let t(f) = -f**3 - 2*f**2 + 85*f + 478. Calculate t(-6).
112
Let x(f) = -2*f**3 - 10*f**2 + 35*f + 47. What is x(-7)?
-2
Let i(d) = -373*d - 4118. Give i(-11).
-15
Let b(z) = 4*z + 45. Give b(-29).
-71
Let a(f) = -6*f**2 + 98*f + 17. Give a(16).
49
Let u(x) = 495*x + 4466. Calculate u(-9).
11
Let k(t) = 9618*t - 48088. Determine k(5).
2
Let g(r) = -2*r**3 + 188*r**2 - 370*r + 183. What is g(92)?
-1
Let l(z) = 8*z**2 + 20*z - 85. Calculate l(10).
915
Let k(t) = -2*t**2 - 32*t + 9. Calculate k(-16).
9
Let i(g) = -g**2 + 31*g - 26. Calculate i(33).
-92
Let s(n) = 6*n**2 - 255*n + 999. What is s(38)?
-27
Let l(v) = 470*v**3 + 4*v**2 - 8*v + 5. Give l(1).
471
Let p(g) = -39*g + 69. Calculate p(4).
-87
Let i(f) = -f**3 - 2*f**2 + 81*f - 14. What is i(-10)?
-24
Let d(l) = -12*l**3 - 47*l**2 - 10*l + 14. Determine d(-6).
974
Let d(w) = 4*w**2 + 110*w + 133. Determine d(-26).
-23
Let u(v) = -3*v**2 + 26*v + 122. What is u(-7)?
-207
Let u(v) = -v**3 + 205*v**2 - 6965*v - 152. Calculate u(162).
10
Let t(q) = -3*q + 7. What is t(21)?
-56
Let p(w) = -6*w - 132. What is p(-16)?
-36
Let x(t) = 11*t - 50. Give x(1).
-39
Let t(i) = -99*i**2 - 296*i + 5. Determine t(-3).
2
Let g(o) = -12*o**2 + 36*o + 5. What is g(3)?
5
Let h(l) = -2*l**2 - 14*l + 71. What is h(-10)?
11
Let s(m) = 2*m - 120. Give s(7).
-106
Let c(d) = -d**2 + 22*d + 101. What is c(26)?
-3
Let c(p) = -3*p**2 - 308*p + 790. Give c(-106).
-270
Let u(i) = 2*i**2 + 51*i - 1630. Calculate u(-44).
-2
Let s(c) = -c + 72. Give s(-17).
89
Let g(s) = 103*s + 34. What is g(-4)?
-378
Let d(c) = c**2 - 5169*c + 30985. Give d(6).
7
Let t(y) = 299*y + 1198. Calculate t(-4).
2
Let t(s) = 6*s**2 + 45*s + 40. Calculate t(-8).
64
Let c(f) = 3*f**3 + 220*f**2 - 144*f + 253. Calculate c(-74).
-43
Let j(a) = 2*a**3 + 9*a**2 - 4*a + 3. Calculate j(1).
10
Let i(k) = 4216*k - 8432. Give i(2).
0
Let d(a) = -60*a - 866. Calculate d(-9).
-326
Let z(w) = 3*w - 159. Give z(-10).
-189
Let r(w) = w**3 + 11*w**2 + 37*w + 37. What is r(-8)?
-67
Let f(q) = 4*q**2 - 339*q - 468. Calculate f(86).
-38
Let m(p) = -2*p**2 + 119*p + 99. Calculate m(61).
-84
Let h(v) = 9*v**2 + 208*v + 1189. Give h(-13).
6
Let k(p) = -24*p + 1479. Give k(60).
39
Let d(r) = r - 242. Calculate d(30).
-212
Let q(g) = g**3 - 25*g**2 + 155*g + 18. Give q(10).
68
Let k(l) = -2*l**3 + 62*l**2 + 112*l + 670. What is k(33)?
10
Let r(o) = o**3 - 39*o**2 + 140*o + 3. Calculate r(35).
3
Let c(k) = -790*k + 3131. Determine c(4).
-29
Let g(t) = -20*t - 6. What is g(-4)?
74
Let l(k) = k**2 - 42. What is l(-8)?
22
Let d(f) = 28*f - 290. What is d(8)?
-66
Let k(g) = -g**2 + 44*g + 205. What is k(-5)?
-40
Let p(w) = 51*w - 874. Give p(18).
44
Let g(h) = 2*h**3 - h**2 - 44*h + 43. Determine g(1).
0
Let v(r) = r**3 + 18*r**2 - 34*r - 576. Give v(-17).
291
Let w(k) = -216*k - 3601. Determine w(-17).
71
Let s(x) = 440*x**2 - 29*x + 30. What is s(1)?
441
Let f(g) = 255*g - 51244. What is f(201)?
11
Let m(g) = 31*g**3 - 4*g**2 - 2*g - 6. Give m(-2).
-266
Let o(p) = 60*p - 655. Give o(11).
5
Let z(u) = -58*u - 95. Calculate z(-3).
79
Let o(s) = -12*s**2 - 168*s - 67. Calculate o(-13).
89
Let d(h) = h**3 - 111*h**2 + 17*h - 1913. Calculate d(111).
-26
Let b(z) = 770*z + 10021. Give b(-13).
11
Let w(a) = -7*a + 4. Calculate w(0).
4
Let s(k) = k**2 - 19*k + 121. Determine s(8).
33
Let f(d) = -26*d**2 + 17*d - 30. Calculate f(5).
-595
Let p(x) = 11612*x + 23221. Calculate p(-2).
-3
Let u(l) = -9*l + 390. Calculate u(43).
3
Let c(i) = -i**3 + 18*i**2 + 22*i - 10. Give c(19).
47
Let r(w) = -w**2 + 41*w - 370. What is r(12)?
-22
Let i(t) = -t**3 + 44*t**2 - 118*t - 208. Give i(41).
-3
Let a(b) = 529*b + 1599. What is a(-3)?
12
Let r(v) = -2*v**3 + 113*v**2 + 49*v + 478. What is r(57)?
22
Let t(r) = r**3 + 83*r**2 - 98*r - 1064. What is t(-84)?
112
Let c(g) =